{"id":7,"date":"2025-04-25T14:21:42","date_gmt":"2025-04-25T14:21:42","guid":{"rendered":"https:\/\/congressocannabis.com.br\/masterclass2025\/?page_id=7"},"modified":"2025-05-02T14:00:48","modified_gmt":"2025-05-02T11:00:48","slug":"masterclass-2025","status":"publish","type":"page","link":"https:\/\/congressocannabis.com.br\/masterclass2025\/","title":{"rendered":"Masterclass 2025"},"content":{"rendered":"\t\t<div data-elementor-type=\"wp-page\" data-elementor-id=\"7\" class=\"elementor elementor-7\">\n\t\t\t\t<div class=\"elementor-element elementor-element-666b915 e-flex e-con-boxed e-con e-parent\" data-id=\"666b915\" data-element_type=\"container\" data-settings=\"{&quot;background_background&quot;:&quot;gradient&quot;}\">\n\t\t\t\t\t<div class=\"e-con-inner\">\n\t\t<div class=\"elementor-element elementor-element-11fc6a8 e-con-full e-flex e-con e-child\" data-id=\"11fc6a8\" data-element_type=\"container\">\n\t\t\t\t<div class=\"elementor-element elementor-element-2191817 elementor-mobile-align-center elementor-icon-list--layout-traditional elementor-list-item-link-full_width elementor-widget elementor-widget-icon-list\" data-id=\"2191817\" data-element_type=\"widget\" data-widget_type=\"icon-list.default\">\n\t\t\t\t<div class=\"elementor-widget-container\">\n\t\t\t\t\t\t\t<ul class=\"elementor-icon-list-items\">\n\t\t\t\t\t\t\t<li class=\"elementor-icon-list-item\">\n\t\t\t\t\t\t\t\t\t\t\t<span class=\"elementor-icon-list-icon\">\n\t\t\t\t\t\t\t<svg aria-hidden=\"true\" class=\"e-font-icon-svg e-far-calendar\" viewBox=\"0 0 448 512\" xmlns=\"http:\/\/www.w3.org\/2000\/svg\"><path d=\"M400 64h-48V12c0-6.6-5.4-12-12-12h-40c-6.6 0-12 5.4-12 12v52H160V12c0-6.6-5.4-12-12-12h-40c-6.6 0-12 5.4-12 12v52H48C21.5 64 0 85.5 0 112v352c0 26.5 21.5 48 48 48h352c26.5 0 48-21.5 48-48V112c0-26.5-21.5-48-48-48zm-6 400H54c-3.3 0-6-2.7-6-6V160h352v298c0 3.3-2.7 6-6 6z\"><\/path><\/svg>\t\t\t\t\t\t<\/span>\n\t\t\t\t\t\t\t\t\t\t<span class=\"elementor-icon-list-text\">Masterclass Gratuita | 13 de Maio<\/span>\n\t\t\t\t\t\t\t\t\t<\/li>\n\t\t\t\t\t\t<\/ul>\n\t\t\t\t\t\t<\/div>\n\t\t\t\t<\/div>\n\t\t\t\t<div class=\"elementor-element elementor-element-60f4441 elementor-widget elementor-widget-heading\" data-id=\"60f4441\" data-element_type=\"widget\" data-widget_type=\"heading.default\">\n\t\t\t\t<div class=\"elementor-widget-container\">\n\t\t\t\t\t<h2 class=\"elementor-heading-title elementor-size-default\">Cannabis Medicinal: Tudo que voc\u00ea precisa saber em 2025<\/h2>\t\t\t\t<\/div>\n\t\t\t\t<\/div>\n\t\t\t\t<div class=\"elementor-element elementor-element-a3a9da6 elementor-hidden-desktop elementor-hidden-tablet elementor-widget elementor-widget-image\" data-id=\"a3a9da6\" data-element_type=\"widget\" data-widget_type=\"image.default\">\n\t\t\t\t<div class=\"elementor-widget-container\">\n\t\t\t\t\t\t\t\t\t\t\t\t\t\t\t<img fetchpriority=\"high\" decoding=\"async\" width=\"800\" height=\"800\" src=\"https:\/\/congressocannabis.com.br\/masterclass2025\/wp-content\/uploads\/2025\/04\/pedro.png\" class=\"attachment-large size-large wp-image-14\" alt=\"\" srcset=\"https:\/\/congressocannabis.com.br\/masterclass2025\/wp-content\/uploads\/2025\/04\/pedro.png 852w, https:\/\/congressocannabis.com.br\/masterclass2025\/wp-content\/uploads\/2025\/04\/pedro-300x300.png 300w, https:\/\/congressocannabis.com.br\/masterclass2025\/wp-content\/uploads\/2025\/04\/pedro-150x150.png 150w, https:\/\/congressocannabis.com.br\/masterclass2025\/wp-content\/uploads\/2025\/04\/pedro-768x768.png 768w\" sizes=\"(max-width: 800px) 100vw, 800px\" \/>\t\t\t\t\t\t\t\t\t\t\t\t\t\t\t<\/div>\n\t\t\t\t<\/div>\n\t\t\t\t<div class=\"elementor-element elementor-element-a4999b2 elementor-widget elementor-widget-heading\" data-id=\"a4999b2\" data-element_type=\"widget\" data-widget_type=\"heading.default\">\n\t\t\t\t<div class=\"elementor-widget-container\">\n\t\t\t\t\t<h2 class=\"elementor-heading-title elementor-size-default\">Com <b>Dr. Pedro Pierro<\/b>, \nNeurocirurgi\u00e3o e refer\u00eancia em medicina endocanabinoide.\n<br>CRM-SP: 102.283 | RQE: 62.363<\/h2>\t\t\t\t<\/div>\n\t\t\t\t<\/div>\n\t\t\t\t<div class=\"elementor-element elementor-element-ee70b6c elementor-widget elementor-widget-button\" data-id=\"ee70b6c\" data-element_type=\"widget\" data-widget_type=\"button.default\">\n\t\t\t\t<div class=\"elementor-widget-container\">\n\t\t\t\t\t\t\t\t\t<div class=\"elementor-button-wrapper\">\n\t\t\t\t\t<a class=\"elementor-button elementor-button-link elementor-size-sm\" href=\"#formulario\">\n\t\t\t\t\t\t<span class=\"elementor-button-content-wrapper\">\n\t\t\t\t\t\t\t\t\t<span class=\"elementor-button-text\">ME INSCREVER GRATUITAMENTE<\/span>\n\t\t\t\t\t<\/span>\n\t\t\t\t\t<\/a>\n\t\t\t\t<\/div>\n\t\t\t\t\t\t\t\t<\/div>\n\t\t\t\t<\/div>\n\t\t\t\t<div class=\"elementor-element elementor-element-4afe882 elementor-widget elementor-widget-spacer\" data-id=\"4afe882\" data-element_type=\"widget\" data-widget_type=\"spacer.default\">\n\t\t\t\t<div class=\"elementor-widget-container\">\n\t\t\t\t\t\t\t<div class=\"elementor-spacer\">\n\t\t\t<div class=\"elementor-spacer-inner\"><\/div>\n\t\t<\/div>\n\t\t\t\t\t\t<\/div>\n\t\t\t\t<\/div>\n\t\t<div class=\"elementor-element elementor-element-7a7e09e e-con-full e-flex e-con e-child\" data-id=\"7a7e09e\" data-element_type=\"container\">\n\t\t\t\t<div class=\"elementor-element elementor-element-ce07eef elementor-widget elementor-widget-heading\" data-id=\"ce07eef\" data-element_type=\"widget\" data-widget_type=\"heading.default\">\n\t\t\t\t<div class=\"elementor-widget-container\">\n\t\t\t\t\t<h3 class=\"elementor-heading-title elementor-size-default\">Oferecimento:<\/h3>\t\t\t\t<\/div>\n\t\t\t\t<\/div>\n\t\t<div class=\"elementor-element elementor-element-df415f3 e-con-full e-flex e-con e-child\" data-id=\"df415f3\" data-element_type=\"container\">\n\t\t\t\t<div class=\"elementor-element elementor-element-15c832e elementor-widget elementor-widget-image\" data-id=\"15c832e\" data-element_type=\"widget\" data-widget_type=\"image.default\">\n\t\t\t\t<div class=\"elementor-widget-container\">\n\t\t\t\t\t\t\t\t\t\t\t\t\t\t\t<img decoding=\"async\" width=\"800\" height=\"408\" src=\"https:\/\/congressocannabis.com.br\/masterclass2025\/wp-content\/uploads\/2025\/04\/CBCM-Branco.png\" class=\"attachment-large size-large wp-image-112\" alt=\"\" srcset=\"https:\/\/congressocannabis.com.br\/masterclass2025\/wp-content\/uploads\/2025\/04\/CBCM-Branco.png 845w, https:\/\/congressocannabis.com.br\/masterclass2025\/wp-content\/uploads\/2025\/04\/CBCM-Branco-300x153.png 300w, https:\/\/congressocannabis.com.br\/masterclass2025\/wp-content\/uploads\/2025\/04\/CBCM-Branco-768x392.png 768w\" sizes=\"(max-width: 800px) 100vw, 800px\" \/>\t\t\t\t\t\t\t\t\t\t\t\t\t\t\t<\/div>\n\t\t\t\t<\/div>\n\t\t\t\t<div class=\"elementor-element elementor-element-a5e5caf elementor-widget elementor-widget-image\" data-id=\"a5e5caf\" data-element_type=\"widget\" data-widget_type=\"image.default\">\n\t\t\t\t<div class=\"elementor-widget-container\">\n\t\t\t\t\t\t\t\t\t\t\t\t\t\t\t<img decoding=\"async\" width=\"475\" height=\"360\" src=\"https:\/\/congressocannabis.com.br\/masterclass2025\/wp-content\/uploads\/2025\/04\/logo-sechat-branco.png\" class=\"attachment-large size-large wp-image-116\" alt=\"\" srcset=\"https:\/\/congressocannabis.com.br\/masterclass2025\/wp-content\/uploads\/2025\/04\/logo-sechat-branco.png 475w, https:\/\/congressocannabis.com.br\/masterclass2025\/wp-content\/uploads\/2025\/04\/logo-sechat-branco-300x227.png 300w\" sizes=\"(max-width: 475px) 100vw, 475px\" \/>\t\t\t\t\t\t\t\t\t\t\t\t\t\t\t<\/div>\n\t\t\t\t<\/div>\n\t\t\t\t<\/div>\n\t\t\t\t<\/div>\n\t\t\t\t<\/div>\n\t\t<div class=\"elementor-element elementor-element-58a50c5 e-con-full elementor-hidden-mobile e-flex e-con e-child\" data-id=\"58a50c5\" data-element_type=\"container\">\n\t\t\t\t<div class=\"elementor-element elementor-element-72e1f38 elementor-widget elementor-widget-image\" data-id=\"72e1f38\" data-element_type=\"widget\" data-widget_type=\"image.default\">\n\t\t\t\t<div class=\"elementor-widget-container\">\n\t\t\t\t\t\t\t\t\t\t\t\t\t\t\t<img fetchpriority=\"high\" decoding=\"async\" width=\"800\" height=\"800\" src=\"https:\/\/congressocannabis.com.br\/masterclass2025\/wp-content\/uploads\/2025\/04\/pedro.png\" class=\"attachment-large size-large wp-image-14\" alt=\"\" srcset=\"https:\/\/congressocannabis.com.br\/masterclass2025\/wp-content\/uploads\/2025\/04\/pedro.png 852w, https:\/\/congressocannabis.com.br\/masterclass2025\/wp-content\/uploads\/2025\/04\/pedro-300x300.png 300w, https:\/\/congressocannabis.com.br\/masterclass2025\/wp-content\/uploads\/2025\/04\/pedro-150x150.png 150w, https:\/\/congressocannabis.com.br\/masterclass2025\/wp-content\/uploads\/2025\/04\/pedro-768x768.png 768w\" sizes=\"(max-width: 800px) 100vw, 800px\" \/>\t\t\t\t\t\t\t\t\t\t\t\t\t\t\t<\/div>\n\t\t\t\t<\/div>\n\t\t\t\t<\/div>\n\t\t\t\t\t<\/div>\n\t\t\t\t<\/div>\n\t\t<div class=\"elementor-element elementor-element-b946670 e-flex e-con-boxed e-con e-parent\" data-id=\"b946670\" data-element_type=\"container\" id=\"formulario\" data-settings=\"{&quot;background_background&quot;:&quot;classic&quot;}\">\n\t\t\t\t\t<div class=\"e-con-inner\">\n\t\t\t\t<div class=\"elementor-element elementor-element-fc743fe elementor-widget elementor-widget-heading\" data-id=\"fc743fe\" data-element_type=\"widget\" data-widget_type=\"heading.default\">\n\t\t\t\t<div class=\"elementor-widget-container\">\n\t\t\t\t\t<h2 class=\"elementor-heading-title elementor-size-default\">Atualize-se com quem est\u00e1 moldando o futuro da cannabis medicinal no Brasil.<\/h2>\t\t\t\t<\/div>\n\t\t\t\t<\/div>\n\t\t\t\t<div class=\"elementor-element elementor-element-9384b77 elementor-widget__width-initial elementor-widget elementor-widget-heading\" data-id=\"9384b77\" data-element_type=\"widget\" data-widget_type=\"heading.default\">\n\t\t\t\t<div class=\"elementor-widget-container\">\n\t\t\t\t\t<h2 class=\"elementor-heading-title elementor-size-default\">Participe de uma aula online e gratuita com insights essenciais sobre o novo cen\u00e1rio da cannabis em 2025, e receba um b\u00f4nus exclusivo ao final.<\/h2>\t\t\t\t<\/div>\n\t\t\t\t<\/div>\n\t\t<div class=\"elementor-element elementor-element-d92dcfe e-con-full e-flex e-con e-child\" data-id=\"d92dcfe\" data-element_type=\"container\" data-settings=\"{&quot;background_background&quot;:&quot;classic&quot;}\">\n\t\t\t\t<div class=\"elementor-element elementor-element-94df717 elementor-widget elementor-widget-html\" data-id=\"94df717\" data-element_type=\"widget\" data-widget_type=\"html.default\">\n\t\t\t\t<div class=\"elementor-widget-container\">\n\t\t\t\t\t<iframe aria-label='Inscri\u00e7\u00e3o Masterclass' frameborder=\"0\" style=\"height:1100px;width:99%;border:none;\" src='https:\/\/forms.zohopublic.com\/portalsechat\/form\/InscrioMasterclass\/formperma\/bVF7skNw-dBuHFfXfAVGEANu9dowCjI3E5uYCtsnGGM'><\/iframe>\t\t\t\t<\/div>\n\t\t\t\t<\/div>\n\t\t\t\t<\/div>\n\t\t\t\t\t<\/div>\n\t\t\t\t<\/div>\n\t\t\t\t<\/div>\n\t\t","protected":false},"excerpt":{"rendered":"<p>Masterclass Gratuita | 13 de Maio Cannabis Medicinal: Tudo que voc\u00ea precisa saber em 2025 Com Dr. Pedro Pierro, Neurocirurgi\u00e3o e refer\u00eancia em medicina endocanabinoide. CRM-SP: 102.283 | RQE: 62.363 ME INSCREVER GRATUITAMENTE Oferecimento: Atualize-se com quem est\u00e1 moldando o futuro da cannabis medicinal no Brasil. Participe de uma aula online e gratuita com insights [&hellip;]<\/p>\n","protected":false},"author":1,"featured_media":0,"parent":0,"menu_order":0,"comment_status":"closed","ping_status":"closed","template":"elementor_canvas","meta":{"footnotes":""},"class_list":["post-7","page","type-page","status-publish","hentry"],"_links":{"self":[{"href":"https:\/\/congressocannabis.com.br\/masterclass2025\/wp-json\/wp\/v2\/pages\/7","targetHints":{"allow":["GET"]}}],"collection":[{"href":"https:\/\/congressocannabis.com.br\/masterclass2025\/wp-json\/wp\/v2\/pages"}],"about":[{"href":"https:\/\/congressocannabis.com.br\/masterclass2025\/wp-json\/wp\/v2\/types\/page"}],"author":[{"embeddable":true,"href":"https:\/\/congressocannabis.com.br\/masterclass2025\/wp-json\/wp\/v2\/users\/1"}],"replies":[{"embeddable":true,"href":"https:\/\/congressocannabis.com.br\/masterclass2025\/wp-json\/wp\/v2\/comments?post=7"}],"version-history":[{"count":154,"href":"https:\/\/congressocannabis.com.br\/masterclass2025\/wp-json\/wp\/v2\/pages\/7\/revisions"}],"predecessor-version":[{"id":195,"href":"https:\/\/congressocannabis.com.br\/masterclass2025\/wp-json\/wp\/v2\/pages\/7\/revisions\/195"}],"wp:attachment":[{"href":"https:\/\/congressocannabis.com.br\/masterclass2025\/wp-json\/wp\/v2\/media?parent=7"}],"curies":[{"name":"wp","href":"https:\/\/api.w.org\/{rel}","templated":true}]}}